 160 = -2*r. Let b = h - 15. Is b composite?
True
Let l(d) = -27 + 63*d + 2*d + 63*d. Let z be l(9). Suppose 6*k = 3111 - z. Is k a prime number?
True
Suppose -3*y = -9443 + 44687. Let q = y + 19889. Is q composite?
True
Let b(d) = -d**2 - 8*d. Let c be b(-8). Let f = c - -2. Suppose 0 = -3*l + 12, x + f*l = -0*l + 1354. Is x a prime number?
False
Suppose -2*d - 2*x + 562588 = 0, 4*x = 2243*d - 2241*d - 562582. Is d composite?
True
Let c be 8/(-20) - (-27137)/55. Let a = -299 + c. Is a a prime number?
False
Suppose 19*m - 14*m + 36 = -2*y, 5*y = -15. Let n(p) = -976*p + 23. Is n(m) a prime number?
True
Is (-12 - 1) + 536433 + 5 + 1*-2 a prime number?
True
Is (((-9)/12)/(63/(-168)))/(2/55103) prime?
True
Let q(h) = -114*h + 23. Suppose l - 4*s = -7 - 7, 3*l - 3*s + 15 = 0. Is q(l) a prime number?
True
Suppose -a - 1 = -b, -2*b - 2*b = a - 19. Suppose h - a*v = 5340 - 2078, 3*v + 6533 = 2*h. Is h a prime number?
True
Let m = -418051 - -819134. Is m composite?
True
Let a(x) be the second derivative of x**4/12 - 5*x**3 + 15*x**2/2 - 20*x. Is a(-14) composite?
False
Let v(b) = 749*b + 344. Is v(25) composite?
False
Suppose 4677 = 18*m - 11055. Is 1*-25*m/(-190) a composite number?
True
Suppose -41*o + 297607 = -19*o + 71073. Is o a prime number?
False
Let g = -81 + 87. Suppose g = 59*v - 57*v. Suppose 5*t - 80 = j - 339, -v*j = -t - 777. Is j prime?
False
Let m(l) = -457*l**2 + 4*l + 3. Let p be m(-2). Let t = p - -4671. Suppose -2290 = -8*w + t. Is w composite?
False
Suppose -2871377 = -133*x + 7582290. Is x a prime number?
False
Suppose 20*y - 16*y = 5*j - 17, 5*j = -y + 27. Suppose 3*o - 7284 = -3*x, 0*o - 4*o = j*x - 12139. Is x composite?
True
Let o(n) = -n**2 - 3*n + 8. Let v be o(-4). Suppose -v*x - 17 = -9. Is (-17776)/(-20) + (9/(-5) - x) prime?
False
Suppose 0 = 17*m - 36*m - 109*m + 13977472. Is m composite?
False
Suppose -3*j - 6 = -18. Suppose 3*s - 4*a - 33025 = a, 4*a - j = 0. Suppose -3*t - 3*x + s = 0, 18360 = 3*t + 2*t - 5*x. Is t composite?
False
Let h be -1 - -112 - -3 - -5. Let s = 826 - h. Is s a prime number?
False
Let x(t) = -22*t - 144. Let d be x(5). Suppose -3705 = -3*m + 8*m. Let p = d - m. Is p a composite number?
False
Let x(f) = 3*f**3 - 13*f**2 + 7*f + 26. Let y = 32 + -17. Is x(y) a composite number?
False
Suppose 2*i - 4*d = -5*d + 5, -5*i + 5*d + 20 = 0. Suppose -20 + 19 = -b, -i*j - 4*b = -55459. Is j prime?
False
Suppose 212 = 29*j - 33*j. Let o be -9*(j - 0/(-5)). Suppose 6*l - o - 381 = 0. Is l composite?
True
Let m(v) = -28583*v - 484. Is m(-1) composite?
False
Let p(d) = -101*d + 28. Suppose 21*t - 8*t + 39 = 0. Is p(t) a composite number?
False
Suppose 19*y - 1673865 = 872572. Is y a composite number?
True
Let t = -340368 + 618977. Is t a composite number?
False
Let c be (28/(-70))/(2/(-10)). Suppose 4*i = 2*b - 1577 + 91, -c*b + 2*i = -1494. Is b prime?
True
Suppose 6*x - 7*x - 3*g = -4424, -x + 4429 = 4*g. Is x prime?
True
Let z(m) = 19*m**2 - 36 - 34 + 7*m + 65. Let p be (-9)/6*10/(-3). Is z(p) a composite number?
True
Is (-540)/(-60) + (-1)/1 - -236223 a composite number?
False
Suppose 5*z - 15312 = 2*w, -5*w - 4*z + 22954 = -8*w. Let x = w - -14209. Is x a prime number?
True
Suppose -4*z + 8084 = -5*b - 155534, 2*z + 4*b - 81770 = 0. Is z prime?
True
Suppose -4*l - 2*f + 4030 = 0, -5*f = 2*l - 3*f - 2012. Suppose -3*b - l = -4*b. Is (-15)/10 + b/2 a composite number?
False
Suppose -5*w + 2*c + 224 = 0, 3*c = 4*w - 7*w + 126. Suppose 0 = -4*q + 4*g + w, 0*q + 5*g = -q - 13. Suppose -q*n + 187 = -6*n. Is n prime?
False
Suppose 0 = 2*j - 0*j - 4*i - 4, -4*j = i + 37. Let s(o) = 2 + 15 - 16 + 9 - o**2 + 2*o**2. Is s(j) a prime number?
False
Suppose 3*l - 1393543 = -620*r + 618*r, 5*l - 2787083 = -4*r. Is r prime?
False
Let v = 356413 - 204190. Is v a composite number?
True
Let t(i) = 158*i**2 - 2. Let z(p) = -474*p**2 - p + 6. Let x(u) = -8*t(u) - 3*z(u). Suppose 36*v - 25*v - 11 = 0. Is x(v) composite?
True
Suppose 0 = 2*f - 0*d + 5*d - 14, 2*f - 5*d = -26. Let p be (-2 - f)*1 - -19*1. Is 10/p*(-3)/((-9)/1326) composite?
True
Let g be 7/(-2)*(-8)/42*3. Suppose -2*q - 1087 = -g*c - 7*q, c - 543 = -2*q. Is c a prime number?
True
Suppose -3*a = 3*b - 1775610, -3*a - b = 2*a - 2959386. Is a composite?
True
Is 905439/2*(1687/3615 + (-2)/(-10)) a composite number?
False
Let n = -267 - -267. Suppose 9*z + 0*z - 34803 = n. Is z prime?
False
Let f(v) = 2*v**2 + 7*v + 4. Suppose 6*z + 29 = -31. Let r be f(z). Suppose 0 = -m + 5*m - 12, -n = -5*m - r. Is n composite?
False
Suppose -90*n + 9198491 = -9421140 + 3533561. Is n a composite number?
False
Is (-470108)/(-7*68/119) a prime number?
False
Let t(v) = v**3 + 6*v**2 + 6*v + 19. Let p be t(-4). Suppose p*m - 13773 - 20598 = 0. Is m composite?
True
Let v(p) be the third derivative of -169*p**4/24 + 10*p**3/3 + p**2 - 18. Is v(-9) prime?
False
Suppose 6*u = 21*u - 180. Is ((-6474)/(-24))/(3/u) a composite number?
True
Suppose 16*w = 18*w - 3*u - 4908, -5*u - 4896 = -2*w. Is w a prime number?
False
Is -1257*((-29491)/33 + 9)/2 prime?
False
Let k(u) be the third derivative of 29*u**5/60 + u**4/6 - 11*u**3/3 + 3*u**2. Is k(-5) prime?
True
Let r = 1324532 + -213085. Is r a composite number?
False
Let f(h) = -h**3 - 18*h**2 - 32*h + 12. Let m be f(-16). Suppose -2*l = -m*l + 19770. Is l composite?
True
Let t = -231999 + 338212. Is t composite?
False
Let u = -91929 - -194630. Is u a composite number?
False
Let u = 49203 - 25286. Is u prime?
True
Suppose -351170 = 150*h - 4849520. Is h composite?
False
Suppose -y - 3*y + 3*b = 61, -y = -5*b - 6. Let w(o) = -o**3 - 15*o**2 - 13*o + 26. Is w(y) a composite number?
True
Let w = 9160 + -6101. Suppose -24306 - w = -13*p. Is p composite?
True
Is 225/150 + (-152242)/(-4) + -2 + 2 a prime number?
False
Let x(k) = k**3 - 2*k**2 - 6*k - 5. Let z be x(4). Let m be 39/(-26)*4/z. Is 162 + -3 + 4/m prime?
True
Let s = -283968 + 1035597. Is s prime?
False
Suppose -90342 = 3*o + 15*o. Let x = o + 13708. Is x prime?
True
Let b be (-174)/(-2) + (-96)/(-12). Suppose 9745 = -b*t + 100*t. Is t a prime number?
True
Let b = 1165 + 1356. Suppose 47*v + 3150 = 5*f + 48*v, 4*f + v - b = 0. Is f composite?
True
Suppose -2*d + 53416 = 4*i - 0*d, -26708 = -2*i + 2*d. Suppose -5539 = -2*z - a, -5*z + 471 = -2*a - i. Is z composite?
False
Let a = 4264 - 6061. Let r = a - -9118. Is r prime?
True
Let o = -122 + 126. Suppose -m = m + o. Is m/(-8) - -2*(-1494)/(-16) prime?
False
Suppose -f + d = -39435, f + 22*d = 15*d + 39467. Is f a composite number?
False
Let a(t) = -t**3 + 23*t**2 - 3*t + 72. Let s be a(23). Suppose -3*v = -34*l + 37*l - 49491, 0 = -s*l + 2*v + 49471. Is l a prime number?
True
Let w = 1761 - 1428. Suppose 1 = 4*x - 3. Is -3 + x + w/1 a composite number?
False
Let w(c) = -76*c**3 + 5*c**2 + 6*c - 2. Let k(r) = -54*r - 326. Let z be k(-6). Is w(z) a prime number?
False
Let v = -87 - -57. Is (-40130)/v + 6/(-9) composite?
True
Suppose -197*f = -5638727 - 17036527 - 24081317. Is f prime?
True
Suppose 0 = r - 8836 - 1851 - 2830. Is r a prime number?
False
Let w(p) = -257*p**3 - 2*p**2 - 2*p - 5. Let f = -183 - -181. Is w(f) a composite number?
True
Suppose -33*r + 138970916 = 155*r. Is r a composite number?
True
Suppose 358 - 376 = -9*r. Suppose r*p = -4*f + 14056, -5*p + 44922 = -3*f + 9821. Is p prime?
False
Suppose -q - 2*a = 12821, 2*q - 2*a + 6094 = -19518. Let y = -6068 - q. Is y prime?
False
Let r = -152 - -5030. Suppose -2*z - r = -5*o, 3*z + 986 = o - 0*z. Let s = -361 + o. Is s a composite number?
False
Let x be (5/3)/(-5) - (-44)/6. Suppose -x*k - 8 = -9*k. Suppose 0 = k*v - 800 - 396. Is v a composite number?
True
Let h(c) = -c**3 - 18*c**2 - 62*c - 42. Let k be h(-14). Let m be ((-1)/(-2)*0)/(-1). Suppose -46*f + k*f + 1628 = m. Is f a composite number?
True
Let l(r) = r**3 + 71*r**2 - 11*r - 145. Is l(-54) a composite number?
False
Suppose 15*s + 29*s + 48*s - 22884356 = 0. Is s composite?
True
Let b(p) = -2*p**2 - 9*p - 13. Let s be b(-2). Let l(d) = 399*d**2 - 4*d - 8. Is l(s) a prime number?
False
Let u(h) = 32*h**3 - 9*h**2 - 4*h + 2. Let v be u(4). Is 2/(-21) - (-73526850)/v a composite number?
False
Let i(o) = -5 - 707*o - 804*o + 4 - 139*o. Is i(-1) composite?
True
Is 168422 + 2 - 9/(-1) a composite number?
False
Le